 z composite?
True
Let v be (-24)/(-8) - (0 + 8). Let w(n) = -n**3 - 3*n**2 + 9*n - 2. Let i be w(v). Suppose -i*h = -3113 - 970. Is h a prime number?
True
Let l be ((-36)/(-8))/((-14)/(-8) - 1). Suppose 0 = -2*d + l*d - 2460. Suppose -5*h = -10*h + d. Is h a composite number?
True
Suppose 0 = -2*q + 3*v - 237 - 1303, 2*q - 2*v = -1536. Let w be q*(1 - -3 - 5). Suppose 0 = 6*l - 10*l + w. Is l a prime number?
True
Let q(o) = -o**3 - 7*o**2 + 13*o + 22. Let d be q(13). Let n = d + 276. Is n/(-5) + -1 + (-7)/(-5) prime?
False
Let r = -794752 + 1355937. Is r prime?
False
Let t = 32 - 62. Let u = -26 - t. Is 6/u - (-8157)/6 a prime number?
True
Is 77413 - (21/7 - 7) prime?
True
Let k(o) = o**3 - 28*o**2 + 67*o - 97. Is k(42) a composite number?
True
Let h be (-4)/(-6) + 44/(-66). Suppose -r + 5*d + 298 = 0, -d - 2*d + 3 = h. Is r composite?
True
Let o(y) = 151*y**2 + 1. Let x be o(-2). Let v = -184 - 234. Let i = x + v. Is i prime?
False
Let b = -41071 - -88232. Is b a composite number?
False
Let a(w) = 4532*w**2 + 64*w - 901. Is a(23) a composite number?
True
Suppose 23*i - 8*i = -2955. Let k = 616 + i. Is k composite?
False
Suppose -23*r - 864624 = -65*r - 6*r. Is r prime?
True
Let k(t) = -37*t + 30. Let a be k(1). Is (-36884)/a - (-1)/14*-2 a composite number?
True
Suppose -6*l + 570159 - 346783 = -439138. Is l prime?
True
Let x = -74 + 70. Let n be (2/(-2))/(x - 19/(-5)). Suppose 2*j - 797 = n*k + 641, 5*k = -5*j + 3595. Is j a composite number?
False
Let q = -1026 - -27679. Is q prime?
False
Let z(r) = r**3 - 7*r + 2 + 19*r**2 - 20*r + 5*r - 1. Suppose -2*n - 1 = -j, -2*j + 4*n - 25 = 3*j. Is z(j) prime?
True
Suppose 5*a + 25324 = -8556. Let r = -2623 - a. Is r composite?
False
Let m(a) = -15*a**3 + 6*a**2 + 7*a - 10. Let c be m(5). Suppose 8*n - 16368 - 6744 = 0. Let v = n + c. Is v prime?
False
Suppose 2*o = 2*j + 6, -4*o - 3*j = -0*j - 19. Suppose -o*s + 6112 = -0*s - 4*q, 3*s - q = 4576. Suppose 10*h - s = -254. Is h a composite number?
False
Suppose 16*x - 8*x + 9*x = 0. Suppose x*o = 53*o - 121105. Is o prime?
False
Let n(a) = -36*a + 90. Let x be n(-48). Let w = x - -10505. Is w composite?
False
Suppose -66 = 3*g - 6*g. Let b = g + -22. Suppose b = 3*k - 2*k - 911. Is k composite?
False
Suppose -2*v = -32 + 8. Suppose 1820 = -v*c + 30248. Is c composite?
True
Let v(r) = r**3 + 13*r**2 + 24*r + 20. Let k be v(-11). Let t(a) = -2429*a + 39. Is t(k) a prime number?
False
Is (-3 + -1)*(-1169)/668 - (0 - 2284) prime?
False
Suppose -5*y + 4*v = -246419, 45*y - 41*y = -5*v + 197086. Is y prime?
True
Suppose -126 = -5*w + t, -11*t + 8*t = 3. Suppose 5*a + 3*s - 18770 = -2*s, 0 = -5*s + w. Is a a composite number?
True
Let c be 48/9*(-45)/(-10). Suppose -1819 = 23*i - c*i. Suppose -4533 = -5*z - 2*b, -2*z - 5*b - i = -4*z. Is z prime?
True
Let w(s) = 77413*s - 3027. Is w(8) prime?
True
Let y(c) be the third derivative of 407*c**4/12 + 41*c**3/6 + 12*c**2 + 3. Is y(5) composite?
False
Let h(w) be the third derivative of -3/20*w**5 + 0*w - 9*w**2 + 0 + 1/60*w**6 - 1/3*w**3 - 1/3*w**4. Is h(7) composite?
True
Let x(f) = -26*f**2 - 4*f - 3. Let i be x(-3). Let y = -4806 + 4690. Let o = y - i. Is o a composite number?
False
Suppose 19735304 = 11*j - 11762261. Is j a composite number?
True
Suppose 138465 = -25*j + 1780190. Is j composite?
True
Let b = -34 - -64. Let d(a) = -10*a + b*a**2 + 23 - 4*a**2 - 14*a**2. Is d(6) prime?
False
Let z(a) = -6867*a + 7435. Is z(-60) prime?
False
Suppose 34*y + 83330 = 505134. Let o = -7199 + y. Is o composite?
True
Let s(t) = 156*t**2 - 3*t - 13. Let z be s(-11). Suppose -19*w = -3*w + z. Is (w/(-2))/(2/12) composite?
True
Suppose 3*l = -5*i + 13, -7*i + 5*i - 3*l = -7. Suppose -2*c = -7*c - 3*k + 9, -4*k - 2 = i*c. Is c a composite number?
False
Suppose -4*k = 2*m - 19 - 7, -12 = 4*m. Let v be ((-22)/k + 3)*12. Suppose 4*l + v*o - 1487 = 1931, 3*l = 2*o + 2555. Is l a prime number?
True
Suppose y + 8 = 5, 0 = -5*w - y + 7267. Let j(n) = 2*n + 1. Let g be j(2). Suppose 7*f - 2*f + 2893 = 2*u, g*f = u - w. Is u prime?
True
Is ((-2826)/(-216) - 13)/(2/24)*115309 a composite number?
False
Let h = -372 + 374. Suppose h*a = 3*j + 17311, 11*a - 8*a + 4*j = 26009. Is a prime?
True
Let q(v) = -294*v**3 + 8*v**2 - 22*v + 15. Let h be q(6). Is (21/(-63))/(((-6)/h)/(-2)) a prime number?
False
Suppose 3569053 = 5*k - q, k = 15*q - 10*q + 713849. Is k prime?
False
Let o = -47877 - -193242. Is (2/(-6))/((-5)/o) a composite number?
True
Let x = -163 - -163. Suppose -17*h + 28248 + 9781 = x. Is h a composite number?
False
Let t = 882012 + -396469. Is t a composite number?
False
Let n be (-36)/6 - -3 - (-444)/6. Suppose -3*h + 34215 = -67*m + n*m, -2*m - 56999 = -5*h. Is h prime?
False
Let u(d) = 15*d**2 - 13*d + 5. Let t = 24 + 35. Suppose 23 - t = 6*g. Is u(g) a composite number?
True
Suppose 17*m - 3841560 = -90187. Is m prime?
False
Let c(u) = 8*u**3 + 12*u**2 + 34*u + 16. Let b(t) = 2*t**3 - t**2 + t + 1. Let j(n) = -5*b(n) + c(n). Is j(-17) prime?
False
Suppose -78*w + 3029279 = -4203739. Is w prime?
False
Is (27509*(2 - 4))/((-3)/(42/28)) composite?
False
Let b(q) = q - 6. Let w be b(7). Let r be 33 - w - (1 + (-3)/1). Suppose -4377 = 31*v - r*v. Is v prime?
True
Suppose 88*h - 846904 = 168*h - 88*h. Is h a prime number?
True
Suppose t = -t - 4*n + 68, 161 = 5*t + n. Suppose 3*j - 2*m = -j + 16, -2*j + t = 5*m. Suppose -3*y - 3771 = -5*d, -4*d - 3*y + j*y = -3018. Is d composite?
True
Let y(l) = -166*l + 95. Let m(a) = 328*a - 190. Let s(o) = -4*m(o) - 9*y(o). Is s(8) composite?
False
Let a = 382 + -376. Suppose a*p = -1691 + 15095. Is p a prime number?
False
Is (-41114 + 3 + -2)/(25/(-56 + 31)) a prime number?
True
Let m = 102754 - 73301. Is m prime?
True
Let k = 159 + -164. Is (341/k - -2)/(2/(-10)) prime?
True
Suppose -t + s + 24 = -s, 3*t - s = 72. Suppose 0 = t*r - 82*r + 679818. Is r prime?
False
Is (-1 + 7)*1 + 165590 + (41 - 20) composite?
False
Suppose -5*d = 24 - 34. Suppose 0*o - 77 = -d*c - 3*o, 4*o + 135 = 5*c. Let b = c - -258. Is b a composite number?
True
Let o(q) = -q**2 - 4*q - 1. Let z(p) = 2*p**2 + 8*p + 3. Let t(k) = -5*o(k) - 2*z(k). Let n be t(-5). Suppose v = -3*v - n, v + 78 = r. Is r a prime number?
False
Suppose -1179*q = -1183*q - i + 556440, -2*i = 5*q - 695553. Is q prime?
True
Suppose 0 = 61*x - 51*x. Suppose -11*h + 16*h - n - 10893 = x, 0 = 3*h + 2*n - 6541. Is h a prime number?
True
Suppose 188*l = 18699589 - 3017945. Is l composite?
True
Let j(s) = 41*s**2 + 21*s + 41. Suppose 8*r - 3*r = -35. Is j(r) composite?
True
Suppose -19111 = 8*b - 4511. Is b/(-1) + (-184)/23 a composite number?
True
Let o(h) = -8*h + 3. Let w be o(-2). Suppose -4*x + w = 3*a, -3*x - 4*a + 26 = 3. Let g(s) = 1164*s - 1. Is g(x) a prime number?
True
Let n = 37 - 36. Let p be 43/(n*(-4)/(-8)). Let h = p - -321. Is h prime?
False
Let d(s) = -s**3 + 4*s**2 + 2*s + 9. Let y be d(5). Let x(r) = 6*r + 43. Let l be x(y). Is (-8044)/(-7) - 1/l prime?
False
Let w(a) = a**2 + 8*a + 7. Let q be w(-9). Let i(k) be the first derivative of k**4/4 - 4*k**3 - 9*k**2/2 - 3*k + 298. Is i(q) prime?
True
Let r = -1706599 + 3430080. Is r a prime number?
True
Let i(j) = -j**2 + 10*j + 4. Let o be i(10). Suppose 5*q + 16 = 2*m, 0 = -3*m + 2*q + o + 9. Suppose -r + 1286 = 2*k + m*k, 260 = k + 3*r. Is k composite?
False
Let i(d) = 43382*d + 9421. Is i(11) a composite number?
True
Let j(h) = 11*h**3 + 13*h**2 + 2*h + 3. Let w be j(-4). Suppose 0 = b - 6*b + 3940. Let m = w + b. Is m a prime number?
False
Suppose -490124 = -10*r - 179314. Let a = r + 11602. Is a composite?
False
Is 88081/(-28)*(-3 - (1 + 0)) a composite number?
False
Let u(z) = z**3 - 4*z**2 - 5*z + 5. Let i be u(4). Is (4 - (0 + 1))*(-23605)/i a prime number?
True
Suppose 3*a = 4*y - 8*y + 154433, -a + 51478 = y. Is a a prime number?
True
Let j = -79 + 84. Suppose -j*a + 15545 = 5*w, -5*w + 19816 - 4298 = -4*a. Is w a composite number?
True
Let p(q) = -q + 22. Let k be p(5). Suppose -15 = -4*f - 3*a + k, -4*a + 6 = -2*f. Suppose -3*z = w - 3623, 2*w = f*w - z - 10909. Is w composite?
True
Let y(i) = -5*i - 7 + 1 + 3. Let u be y(-1). Suppose 0 = u*g + 3*g - 335. Is g composite?
False
Suppose 24 = -3*o - 3*p, 32 = -2*o - 2*o + p. Is o/100 + 50908/100 a composite number?
F